nds digit of 603117?
0
What is the hundred thousands digit of 1738797?
7
What is the hundreds digit of 470034?
0
What is the ten thousands digit of 257200?
5
What is the units digit of 904195?
5
What is the ten thousands digit of 415063?
1
What is the units digit of 878064?
4
What is the ten thousands digit of 347844?
4
What is the hundred thousands digit of 149673?
1
What is the thousands digit of 4070768?
0
What is the hundreds digit of 274295?
2
What is the ten thousands digit of 58393?
5
What is the hundreds digit of 9923?
9
What is the tens digit of 50643?
4
What is the tens digit of 283906?
0
What is the ten millions digit of 15965983?
1
What is the ten thousands digit of 1615084?
1
What is the thousands digit of 59151?
9
What is the hundreds digit of 2815174?
1
What is the units digit of 552724?
4
What is the hundreds digit of 1328200?
2
What is the tens digit of 114333?
3
What is the hundreds digit of 250842?
8
What is the hundred thousands digit of 211788?
2
What is the ten thousands digit of 4307486?
0
What is the thousands digit of 610214?
0
What is the hundred thousands digit of 666109?
6
What is the hundreds digit of 3474723?
7
What is the hundred thousands digit of 10879470?
8
What is the hundreds digit of 243910?
9
What is the units digit of 4457877?
7
What is the millions digit of 3973204?
3
What is the units digit of 784108?
8
What is the units digit of 12672369?
9
What is the hundred thousands digit of 1969168?
9
What is the thousands digit of 10703674?
3
What is the ten thousands digit of 16109903?
0
What is the thousands digit of 125543?
5
What is the hundreds digit of 1414902?
9
What is the hundred thousands digit of 576479?
5
What is the ten thousands digit of 313308?
1
What is the thousands digit of 1759235?
9
What is the hundreds digit of 462626?
6
What is the thousands digit of 2214915?
4
What is the units digit of 30685719?
9
What is the tens digit of 6382155?
5
What is the hundreds digit of 135708?
7
What is the hundreds digit of 525121?
1
What is the thousands digit of 143514?
3
What is the units digit of 1295515?
5
What is the ten thousands digit of 1329368?
2
What is the thousands digit of 486879?
6
What is the thousands digit of 454361?
4
What is the ten thousands digit of 83668?
8
What is the hundred thousands digit of 197766?
1
What is the thousands digit of 103437?
3
What is the hundreds digit of 196917?
9
What is the ten millions digit of 26853016?
2
What is the ten thousands digit of 4956025?
5
What is the units digit of 239754?
4
What is the ten thousands digit of 143232?
4
What is the millions digit of 19286642?
9
What is the hundred thousands digit of 1868294?
8
What is the ten millions digit of 18246914?
1
What is the ten millions digit of 19357506?
1
What is the hundred thousands digit of 1244659?
2
What is the ten thousands digit of 2360563?
6
What is the hundreds digit of 1673183?
1
What is the ten millions digit of 14688430?
1
What is the ten thousands digit of 42337?
4
What is the hundreds digit of 521399?
3
What is the millions digit of 7818660?
7
What is the ten thousands digit of 7980201?
8
What is the units digit of 403658?
8
What is the millions digit of 3759163?
3
What is the hundred thousands digit of 1807400?
8
What is the ten thousands digit of 139577?
3
What is the millions digit of 2909599?
2
What is the millions digit of 1412927?
1
What is the ten thousands digit of 582974?
8
What is the units digit of 5665021?
1
What is the units digit of 408424?
4
What is the tens digit of 623581?
8
What is the hundreds digit of 12195429?
4
What is the hundred thousands digit of 3461469?
4
What is the millions digit of 12399751?
2
What is the ten millions digit of 33050135?
3
What is the hundred thousands digit of 2018307?
0
What is the hundreds digit of 212461?
4
What is the ten thousands digit of 7129117?
2
What is the thousands digit of 23061?
3
What is the tens digit of 45034?
3
What is the tens digit of 512068?
6
What is the tens digit of 402025?
2
What is the hundreds digit of 185837?
8
What is the hundreds digit of 13630455?
4
What is the thousands digit of 112564?
2
What is the ten millions digit of 38370642?
3
What is the hundreds digit of 249607?
6
What is the tens digit of 414525?
2
What is the ten millions digit of 36699547?
3
What is the tens digit of 218210?
1
What is the hundreds digit of 8449420?
4
What is the millions digit of 1285618?
1
What is the units digit of 25390?
0
What is the hundreds digit of 10994?
9
What is the hundreds digit of 3753350?
3
What is the thousands digit of 10731910?
1
What is the hundred thousands digit of 22841533?
8
What is the millions digit of 5391610?
5
What is the units digit of 169665?
5
What is the hundred thousands digit of 1035446?
0
What is the hundred thousands digit of 7661829?
6
What is the hundreds digit of 2630638?
6
What is the hundred thousands digit of 143677?
1
What is the units digit of 789636?
6
What is the ten thousands digit of 13380550?
8
What is the thousands digit of 7936897?
6
What is the millions digit of 27468856?
7
What is the hundreds digit of 442629?
6
What is the hundred thousands digit of 11063066?
0
What is the hundred thousands digit of 215050?
2
What is the millions digit of 4844575?
4
What is the tens digit of 167215?
1
What is the thousands digit of 4595440?
5
What is the ten millions digit of 13714044?
1
What is the ten thousands digit of 1401904?
0
What is the hundreds digit of 12223472?
4
What is the tens digit of 124881?
8
What is the hundred thousands digit of 395767?
3
What is the hundreds digit of 1985902?
9
What is the hundred thousands digit of 1023398?
0
What is the tens digit of 1400280?
8
What is the tens digit of 757978?
7
What is the thousands digit of 1658567?
8
What is the hundreds digit of 1089480?
4
What is the units digit of 18663818?
8
What is the units digit of 3754740?
0
What is the thousands digit of 1592056?
2
What is the units digit of 433032?
2
What is the thousands digit of 10746604?
6
What is the millions digit of 6952937?
6
What is the hundred thousands digit of 1811940?
8
What is the hundred thousands digit of 175902?
1
What is the tens digit of 2864926?
2
What is the units digit of 3691211?
1
What is the tens digit of 255321?
2
What is the units digit of 6280560?
0
What is the thousands digit of 12919649?
9
What is the tens digit of 26669?
6
What is the hundred thousands digit of 243260?
2
What is the ten thousands digit of 3168668?
6
What is the ten millions digit of 27481430?
2
What is the units digit of 491368?
8
What is the ten millions digit of 36234570?
3
What is the units digit of 1242538?
8
What is the hundred thousands digit of 2510233?
5
What is the hundred thousands digit of 762364?
7
What is the hundred thousands digit of 25965704?
9
What is the tens digit of 18201149?
4
What is the hundred thousands digit of 8286465?
2
What is the thousands digit of 15434?
5
What is the millions digit of 1995982?
1
What is the units digit of 761495?
5
What is the millions digit of 16860145?
6
What is the thousands digit of 152461?
2
What is the tens digit of 1773054?
5
What is the hundreds digit of 7156887?
8
What is the units digit of 35141?
1
What is the thousands digit of 1386478?
6
What is the ten thousands digit of 10898449?
9
What is the units digit of 1389563?
3
What is the units digit of 403591?
1
What is the hundred thousands digit of 561708?
5
What is the ten thousands digit of 169736?
6
What is the units digit of 14477777?
7
What is the thousands digit of 205373?
5
What is the millions digit of 2916283?
2
What is the hundreds digit of 309748?
7
What is the hundred thousands digit of 633161?
6
What is the hundred thousands digit of 162884?
1
What is the units digit of 585515?
5
What is the thousands digit of 172568?
2
What is the ten thousands digit of 2038510?
3
What is the ten millions digit of 27547747?
2
What is the millions digit of 11123064?
1
What is the hundred thousands digit of 925657?
9
What is the ten thousands digit of 122951?
2
What is the tens digit of 4259441?
4
What is the tens digit of 62768?
6
What is the hundreds digit of 940297?
2
What is the hundreds digit of 1048654?
6
What is the tens digit of 2763584?
8
What is the ten thousands digit of 11018726?
1
What 